= -n. Calculate the remainder when 1054 is divided by w.
94
Let v be 9 - -2*(-3 + 5). Suppose 2*t = 2*j - 2, -3*j = 7*t - 2*t + v. What is the remainder when (j + 2)/(12/780) is divided by 17?
14
Suppose -208 + 34 = -3*d. What is the remainder when d is divided by 21?
16
Let h = 1112 + -1073. Calculate the remainder when 158 is divided by h.
2
Let p(a) = -2*a**3 - 7*a**2 - 4*a - 2. Let r(h) = -2*h**3 - 8*h**2 - 13*h - 33. What is the remainder when p(-5) is divided by r(-4)?
17
Suppose -2*d - 11 = -2*f + 13, 4*d = -8. Let u be ((-45)/18)/(2/(-84)). Suppose 0 = 2*c + 33 - u. What is the remainder when c is divided by f?
6
Let o be 5 - (6 + -1) - -6. Let v(m) = 3*m**2 - 4. Calculate the remainder when v(-4) is divided by (-40)/o*(-54)/30.
8
Let w(h) = h**2 + 31*h + 27. What is the remainder when 239 is divided by w(-31)?
23
Let p(m) = -20*m + 3 + 0*m**2 + 11*m - 2*m**2 + 0*m**2. What is the remainder when 11 is divided by p(-4)?
4
Suppose 13*f = 2*f + 308. Calculate the remainder when f is divided by 9.
1
Let w be 294/9*(-3)/(-2). Suppose 3*j = 80 + w. Suppose 2*g - 5*v - 29 = 0, -g - v + 25 = -0*g. What is the remainder when j is divided by g?
21
Suppose 11*i - 321 - 97 = 0. What is the remainder when i is divided by 5?
3
Let v(p) = -18*p + 261. What is the remainder when 96 is divided by v(14)?
6
Suppose 0 = d - 5*d + 4. What is the remainder when 4 is divided by (3 + -7)/(d + -2)?
0
Suppose -74*y - 235 = -5*m - 69*y, -5*m = 2*y - 249. Let q = 1 - 2. Calculate the remainder when m is divided by 13 - (-1 + 0 - q).
10
Let w(l) = -6*l + 33. Let r be w(4). Suppose r*t = 4*t + 60. What is the remainder when 117 is divided by t?
9
Suppose 3*x - 3*m = -81, m - 33 = x - 2*m. Let k = 33 + x. Let v = 26 - 11. What is the remainder when v is divided by k?
6
Let j be 10*312/18*3/5. Suppose 2*y - d - 24 = -6*d, 0 = 4*y - 4*d - j. What is the remainder when y is divided by 6?
4
Let o(d) = 8*d - 79. Let z be o(10). Suppose 3*y - z = 65. Calculate the remainder when 63 is divided by y.
19
Let j(l) = -5*l**2 - 4*l - 3. Let f be j(-2). Suppose 19*o = 13*o + 180. Let s = f + o. Calculate the remainder when 44 is divided by s.
14
Suppose 292 = 9*k - 32. What is the remainder when k is divided by 21?
15
Suppose 0 = -4*f + 12, 20*f = 3*h + 17*f - 231. Calculate the remainder when 558 is divided by h.
78
Suppose -x = 3*c - 44 - 55, 0 = 2*x + c - 203. What is the remainder when x is divided by 36?
30
Let y be 64/12*(-51)/(-2). Suppose 0 = 3*l + l + y. Let b = -16 - l. What is the remainder when 70 is divided by b?
16
Let x = 264 + -228. What is the remainder when 118 is divided by x?
10
Suppose 133*o - 143*o + 180 = 0. Calculate the remainder when o is divided by (4/(-6))/(-1)*18.
6
Suppose -3*v - f + 11 = 0, -3*v = -3*f - f - 31. Suppose 2*a = v*g + 20 + 12, 2*g - 64 = -4*a. What is the remainder when 45 is divided by a?
13
Let r(k) = -31*k + 2. Let j be r(-6). Suppose -4*l + 0*l = -j. Calculate the remainder when l is divided by ((-1)/2)/((-1)/48).
23
Suppose 1322 = -6*d + 1376. Calculate the remainder when 43 is divided by d.
7
Let z(c) = 206*c + 422. What is the remainder when 217 is divided by z(-2)?
7
Let x = -1205 - -1929. What is the remainder when x is divided by 25?
24
Let g = -5 + 14. Let w(t) = -3*t - 49. What is the remainder when g is divided by w(-18)?
4
Calculate the remainder when ((-3)/6 - 1)*(-1240)/12 is divided by 3.
2
Let j = -246 - -529. What is the remainder when j is divided by 19?
17
Suppose -4 = 3*z + z, -4*q - 5*z + 275 = 0. Calculate the remainder when 200 is divided by q.
60
Let x be (2 - 3)*12*8/6. Calculate the remainder when 89 is divided by (-5 + (-140)/x)*4.
14
Let v = 22 + 9. Suppose 3*q = 4*k - 594 - 507, 0 = 4*k + 2*q - 1086. What is the remainder when (k/3 - 0)*1 is divided by v?
29
Let j be 10/(-15) - 208/(-6). Suppose -t = -j + 30. Calculate the remainder when 14 is divided by t.
2
Let i = 2855 + -2807. Calculate the remainder when 132 is divided by i.
36
What is the remainder when 176 is divided by ((-68)/(-3) + -2)/((-6)/(-18))?
52
What is the remainder when (-126)/42*2*(-6)/4 is divided by (-4)/(-3) - (-4)/6?
1
Let q be 24/10*(5 - 0). Let l = -3 - -9. What is the remainder when 66/(-4)*q/(-9) is divided by l?
4
Let k = 100 + -1. What is the remainder when k is divided by 4/6*-3 + 27?
24
What is the remainder when 25 - 26 - 1/((-1)/440) is divided by 13?
10
Suppose s - 11 = b - 4*b, 15 = 3*s. Suppose -b*n - 3*n + 75 = 0. What is the remainder when 41 is divided by n?
11
Suppose -3*f - 28 = -10*f. Suppose 0 = -f*w + 139 + 25. Let l = 3 - -11. Calculate the remainder when w is divided by l.
13
Let d(o) = o**3 - 4*o**2 + 3*o + 3. Let b = -339 + 356. Calculate the remainder when b is divided by d(3).
2
Let q = -42 + 42. Suppose -4*l = -c + 7, -7*l + 9*l = q. What is the remainder when 24 is divided by c?
3
Let p(i) = 23*i + 17. Let q be p(6). Suppose q = -t + 6*t. What is the remainder when 92 is divided by t?
30
Let m be ((-23)/(-7))/1 + 4/(-14). Suppose -t = 4*c + m, 30 = 3*t - 5*c + 5. What is the remainder when 8 is divided by t?
3
Let u be 5*-6*1/(-10). Suppose 0 = -4*b + 2*q + 12, 6*b + 2*q = u*b + 16. What is the remainder when 5 is divided by b?
1
Let y(x) = -x**3 - 8*x**2 - 2*x - 7. Let i be 1/5 + 447/15. Let r = i + 3. Calculate the remainder when r is divided by y(-8).
6
Suppose -h + 4*j + 106 = 0, -3*h + 107 + 171 = -4*j. What is the remainder when h is divided by 77?
9
Suppose -3*z = 6 - 132. Let l = -26 + z. Calculate the remainder when l is divided by 7.
2
Suppose 365 - 461 = -6*w. Calculate the remainder when 61 is divided by w.
13
Let t(z) = -z - 2. Let a be t(-5). Suppose a*x = x - 60. Let y = 71 + x. What is the remainder when y is divided by 22?
19
Suppose 3*m - 6 = -3*c - 0*c, -3*c = -4*m + 22. Let p = 5 + m. Let u(n) = -n**2 - 13*n - 13. Calculate the remainder when u(-10) is divided by p.
8
Let i = -13 - -18. Suppose -i*j = r - 285, 4*j - 5*r = -j + 255. Suppose -j = -3*f + f. Calculate the remainder when 53 is divided by f.
25
Suppose 30*u = -6*u + 1188. What is the remainder when 62 is divided by u?
29
Suppose -8*p = -6*p. Suppose 45 = -p*j + j. Calculate the remainder when j is divided by 23.
22
Let m be 14/4*-8 + 2. Let r = m + 42. Suppose 3*j - 26 = -2*u + r, 0 = u + 5*j - 35. Calculate the remainder when u is divided by 8.
7
Suppose -790*m - 1586 = -803*m. Calculate the remainder when m is divided by 37.
11
Suppose 61*x - 44*x - 2754 = 0. What is the remainder when x is divided by 58?
46
Let c(m) = 28*m**2 + m. Let q(i) = 2*i**2 + 3*i + 2. What is the remainder when q(-7) is divided by c(-1)?
25
Suppose 2*l = -45*b + 43*b + 236, -b - 584 = -5*l. Calculate the remainder when l is divided by 24.
21
Let q(t) = -t - 5*t**2 - t**3 + 0*t**2 - t + 2*t**2. Calculate the remainder when 20 is divided by q(-3).
2
Let t(n) = -n**3 + 4*n**2 + 6*n - 2. Let l be t(5). Suppose -5*s + 63 + 300 = -z, -2*s + 135 = l*z. Calculate the remainder when s is divided by 15.
12
Calculate the remainder when 1838 is divided by (5 - (-9 - -18)) + 24.
18
Let k = 89 + -53. What is the remainder when (-5408)/(-40) + 8 - (-1)/(-5) is divided by k?
35
Let w = -411 - -428. What is the remainder when 133 is divided by w?
14
Let l(y) = -11*y + 88. Calculate the remainder when l(-6) is divided by 33.
22
Let a = 16 + -12. Suppose -a*y - 2*y - 12 = 0. Calculate the remainder when 6 is divided by 7 - (4 + y)*1.
1
Let c = 829 - 779. Calculate the remainder when c is divided by 6.
2
Let l be (-3)/(((-2)/(-8))/(2/12)). Calculate the remainder when 42 - (6/3)/(l - -1) is divided by 16.
12
Let z(a) = a**2 + 15*a - 158. What is the remainder when z(16) is divided by 69?
62
Suppose 28 = 4*r - 4*h, -2*r = -5*h - 54 + 43. Let d be (-6)/(-5)*(-10)/(-3). Suppose f = d*f - 69. Calculate the remainder when f is divided by r.
7
Let j(i) = -28*i - 28. Let b be j(-8). What is the remainder when 95 is divided by 3/(-2)*b/(-21)?
11
Suppose -33 = -3*g - 6. Let x(n) = -n**3 + n**2 + 4*n + 14. What is the remainder when x(0) is divided by g?
5
Let a = 638 - 592. Calculate the remainder when 781 is divided by a.
45
Suppose -60 = -25352*d + 25349*d. Let h(i) = 10*i + 8. What is the remainder when h(7) is divided by d?
18
Let x(z) = z**3 + 5*z**2 - 5*z - 1. Le